vided by 331.
265
What is the remainder when 21484 is divided by 118?
8
What is the remainder when 13428 is divided by 162?
144
Calculate the remainder when 24351 is divided by 207.
132
What is the remainder when 160008 is divided by 159994?
14
Calculate the remainder when 12833 is divided by 862.
765
Calculate the remainder when 59981 is divided by 287.
285
Calculate the remainder when 11609 is divided by 27.
26
What is the remainder when 19863 is divided by 913?
690
Calculate the remainder when 49727 is divided by 192.
191
What is the remainder when 50281 is divided by 50266?
15
Calculate the remainder when 29203 is divided by 14601.
1
What is the remainder when 24171 is divided by 552?
435
What is the remainder when 1342133 is divided by 22748?
1
Calculate the remainder when 9289 is divided by 57.
55
What is the remainder when 65552 is divided by 116?
12
What is the remainder when 1830849 is divided by 9?
6
What is the remainder when 10160 is divided by 243?
197
Calculate the remainder when 6516 is divided by 2104.
204
What is the remainder when 24592 is divided by 44?
40
What is the remainder when 6211 is divided by 2069?
4
Calculate the remainder when 69108 is divided by 69096.
12
What is the remainder when 2343 is divided by 2332?
11
Calculate the remainder when 5965 is divided by 130.
115
What is the remainder when 19216 is divided by 19202?
14
What is the remainder when 6242 is divided by 249?
17
Calculate the remainder when 4434 is divided by 128.
82
What is the remainder when 79652 is divided by 153?
92
Calculate the remainder when 1196 is divided by 194.
32
What is the remainder when 8120 is divided by 4056?
8
Calculate the remainder when 1359649 is divided by 14.
11
What is the remainder when 545230 is divided by 8?
6
Calculate the remainder when 381254 is divided by 190623.
8
What is the remainder when 25046 is divided by 898?
800
Calculate the remainder when 120916 is divided by 60.
16
Calculate the remainder when 400081 is divided by 6155.
6
Calculate the remainder when 727992 is divided by 200.
192
What is the remainder when 2173 is divided by 45?
13
What is the remainder when 198322 is divided by 35?
12
Calculate the remainder when 86848 is divided by 14474.
4
What is the remainder when 1535 is divided by 386?
377
What is the remainder when 1645 is divided by 745?
155
What is the remainder when 1144 is divided by 569?
6
What is the remainder when 33322 is divided by 594?
58
Calculate the remainder when 18090 is divided by 135.
0
Calculate the remainder when 2103316 is divided by 589.
586
What is the remainder when 2077 is divided by 90?
7
Calculate the remainder when 173133 is divided by 16.
13
What is the remainder when 41278 is divided by 516?
514
Calculate the remainder when 1661 is divided by 746.
169
Calculate the remainder when 16896 is divided by 248.
32
Calculate the remainder when 25678 is divided by 26.
16
Calculate the remainder when 3124 is divided by 439.
51
Calculate the remainder when 3511 is divided by 50.
11
What is the remainder when 4208 is divided by 117?
113
Calculate the remainder when 28963 is divided by 216.
19
What is the remainder when 20524 is divided by 23?
8
What is the remainder when 45686 is divided by 45638?
48
Calculate the remainder when 31805 is divided by 15897.
11
What is the remainder when 11463 is divided by 117?
114
Calculate the remainder when 83764 is divided by 710.
694
What is the remainder when 48246 is divided by 56?
30
What is the remainder when 1159 is divided by 26?
15
What is the remainder when 668257 is divided by 977?
966
What is the remainder when 47996 is divided by 1780?
1716
Calculate the remainder when 160086 is divided by 22.
14
Calculate the remainder when 25250 is divided by 902.
896
Calculate the remainder when 887732 is divided by 61.
60
What is the remainder when 13795 is divided by 313?
23
Calculate the remainder when 30465 is divided by 194.
7
What is the remainder when 200082 is divided by 473?
3
Calculate the remainder when 124193 is divided by 3546.
83
What is the remainder when 30014 is divided by 789?
32
What is the remainder when 124641 is divided by 774?
27
Calculate the remainder when 49500 is divided by 839.
838
What is the remainder when 8029 is divided by 372?
217
Calculate the remainder when 2183 is divided by 88.
71
What is the remainder when 132896 is divided by 383?
378
Calculate the remainder when 156837 is divided by 95.
87
What is the remainder when 4160 is divided by 17?
12
Calculate the remainder when 21288 is divided by 788.
12
What is the remainder when 418967 is divided by 104732?
39
Calculate the remainder when 81666 is divided by 20.
6
Calculate the remainder when 166521 is divided by 126.
75
What is the remainder when 1853 is divided by 384?
317
Calculate the remainder when 1142 is divided by 552.
38
What is the remainder when 291145 is divided by 90?
85
Calculate the remainder when 23776 is divided by 5939.
20
What is the remainder when 249 is divided by 34?
11
What is the remainder when 70395 is divided by 70389?
6
Calculate the remainder when 85150 is divided by 36.
10
Calculate the remainder when 3446 is divided by 837.
98
Calculate the remainder when 565550 is divided by 418.
414
Calculate the remainder when 2950 is divided by 196.
10
Calculate the remainder when 3013 is divided by 66.
43
What is the remainder when 4519 is divided by 557?
63
What is the remainder when 133331 is divided by 670?
1
What is the remainder when 37034 is divided by 168?
74
What is the remainder when 154893 is divided by 7?
4
What is the remainder when 52818 is divided by 2473?
885
What is the remainder when 136893 is divided by 372?
369
What is the remainder when 7215 is divided by 208?
143
Calculate the remainder when 112575 is divided by 235.
10
Calculate the remainder when 91260 is divided by 87.
84
What is the remainder when 263725 is divided by 311?
308
What is the remainder when 1005695 is divided by 1949?
11
Calculate the remainder when 5422 is divided by 147.
130
What is the remainder when 4545 is divided by 145?
50
Calculate the remainder when 113626 is divided by 207.
190
What is the remainder when 8961 is divided by 347?
286
What is the remainder when 19594 is divided by 18?
10
What is the remainder when 154 is divided by 98?
56
What is the remainder when 215913 is divided by 102?
81
What is the remainder when 191580 is divided by 1860?
0
Calculate the remainder when 16880 is divided by 8435.
10
What is the remainder when 14654 is divided by 1835?
1809
What is the remainder when 761371 is divided by 253788?
7
What is the remainder when 355 is divided by 41?
27
What is the remainder when 431386 is divided by 320?
26
Calculate the remainder when 5806 is divided by 277.
266
What is the remainder when 61386 is divided by 332?
298
What is the remainder when 4881 is divided by 813?
3
Calculate the remainder when 2602503 is divided by 4.
3
What is the remainder when 674 is divided by 86?
72
Calculate the remainder when 3318 is divided by 185.
173
What is the remainder when 2538442 is divided by 637?
634
What is the remainder when 1316288 is divided by 229?
225
What is the remainder when 105 is divided by 26?
1
Calculate the remainder when 1156 is divided by 271.
72
What is the remainder when 51906 is divided by 309?
303
What is the remainder when 35561 is divided by 68?
65
Calculate the remainder when 14633 is divided by 2912.
73
What is the remainder when 209917 is divided by 205?
202
What is the remainder when 72225 is divided by 18056?
1
Calculate the remainder when 1994 is divided by 979.
36
Calculate the remainder when 23612 is divided by 82.
78
Calculate the remainder when 855751 is divided by 414.
13
Calculate the remainder when 192588 is divided by 89.
81
What is the remainder when 2060 is divided by 659?
83
Calculate the remainder when 72314 is divided by 404.
402
Calculate the remainder when 53184 is divided by 38.
22
What is the remainder when 2572 is divided by 84?
52
Calculate the remainder when 80059 is divided by 288.
283
What is the remainder when 3800 is divided by 9?
2
Calculate the remainder when 1323 is divided by 327.
15
What is the remainder when 433 is divided by 76?
53
What is the remainder when 34853 is divided by 807?
152